e -q*i = -2*f - 721, -5*i + 1206 = -3*f + 4*f. Suppose -7*x = -682 + i. List the prime factors of x.
3, 7
Let x = -448 + 453. Suppose -2*t - 914 = -4*h, 4*t - 25 = -x*h + 1150. List the prime factors of h.
3, 7, 11
List the prime factors of -24 + 12805 + (-2)/(-11) + (-159)/(-33).
2, 3, 2131
Let w(d) = 20978*d + 611. What are the prime factors of w(1)?
21589
Suppose 26*c - 596647 - 296505 = 0. List the prime factors of c.
2, 19, 113
Suppose -23*p - 32496 = -29*p. Suppose 0 = -12*a + 20*a - p. What are the prime factors of a?
677
Suppose 9 + 4 = 5*w + 4*l, 3*w - 2*l - 21 = 0. Suppose 0 = 5*j - 8*p + 7*p - 6086, -w*p = 3*j - 3674. What are the prime factors of j?
2, 3, 7, 29
Let a(n) = -n**2 + n + 8. Let h be a(6). Let s be (-1 - h/18) + 16/9. Suppose s*u + 49 = 289. What are the prime factors of u?
2, 3, 5
List the prime factors of ((-256055)/(-20))/((-38)/(-152)).
83, 617
Let n(d) be the second derivative of 1/6*d**3 - 2*d**2 + 0 - 17*d. What are the prime factors of n(11)?
7
Let g = -6085 - -8596. List the prime factors of g.
3, 31
Suppose -5*a + 600 = 3*r, -3 = 2*a + 3. Let x be r/5*1*-1. Let w = -26 - x. What are the prime factors of w?
3, 5
Let a(g) = -2*g**3 - 29*g**2 + 6*g - 22. Let z be a(-15). Suppose 6*m = -z + 479. Let q = m + -13. List the prime factors of q.
2, 3
Let d(z) = -z + 17. Let a be d(15). Let s(y) = -3*y**2 - 2 - 21*y - 3*y**3 + a*y**3 + 18*y. What are the prime factors of s(-4)?
2, 13
Suppose 3*r + 14337 = 265*o - 263*o, 3*o + 3*r = 21513. List the prime factors of o.
2, 3, 5, 239
Suppose 14*n - 52 = -10. Suppose 0 = 4*g + n*o - 19, -g + 2*o - 19 = -2*o. What are the prime factors of 88 + -3 + (g - -3)?
89
Let o = 1200 + -818. Suppose -3*d + 4*d = o. Suppose -4*a + n = -d, -294 = -7*a + 4*a - 3*n. What are the prime factors of a?
2, 3
Let y = 13820 - 5488. What are the prime factors of y?
2, 2083
Let o = 433 - 423. Suppose -4525 + 865 = -o*y. What are the prime factors of y?
2, 3, 61
Let l(p) = -p**3 - 2*p**3 + p**2 - 3*p**2 + 184 - p + 4*p**3. Let r be l(0). Suppose -4*k + r = 4*f, 4*f - k - 130 = f. List the prime factors of f.
2, 11
Let y be (-940)/(-7) + (-16)/56. Let p = 67 + y. List the prime factors of p.
3, 67
List the prime factors of 55879112/3614 + 2/13.
2, 3, 859
Suppose 9*b - 11*b + 6 = 0. Suppose 9 = -b*m + 18. List the prime factors of (m/(-5)*49)/((-7)/35).
3, 7
Let u be (-595)/(-30) - (-3)/18. Suppose 3*j - 345 = -p, -j + 339 = -u*p + 21*p. What are the prime factors of p?
2, 3, 7
Let b = 3612 + 12383. What are the prime factors of b?
5, 7, 457
Suppose 3*z - 6 = 0, -4*y + 3*z + 2 + 0 = 0. Suppose 4*d - 8*g = -5*g + 833, g = -y*d + 429. What are the prime factors of d?
2, 53
Let q = 545 + -354. Let h be ((8/12)/1 - 1)*-15. Suppose -q = -h*k + 94. List the prime factors of k.
3, 19
Let o(m) = 91*m**3 - 4*m**2 - 42*m + 39. List the prime factors of o(6).
3, 7, 919
List the prime factors of 4/16 + 2122278/232.
2, 2287
Let h = 301 - -16553. List the prime factors of h.
2, 3, 53
Suppose -14435 = 5*v - 10*v + 5*d, 0 = d + 2. Suppose 137*r - 142*r = -v. List the prime factors of r.
577
Suppose h + 3*p - 34 = 0, 2*p = -3*h - 2*h + 131. Let f = h - 19. Suppose 5*x - 98 = -k, 4*k - f*k = -5*x + 104. List the prime factors of x.
2, 5
Suppose 43*s - 40*s = -4*g + 35385, 2*g - 35373 = -3*s. What are the prime factors of s?
3, 3929
Let z = -125 - -127. Suppose n + 750 = z*n - 3*u, -2*u = -2*n + 1492. What are the prime factors of n?
2, 3, 31
Let d be ((-42)/4)/(179/(-20) - -9). What are the prime factors of (d/(-28))/(1/204*1)?
2, 3, 5, 17
Let d = 213 - 144. Let l = 80 - d. What are the prime factors of l?
11
Suppose 9*k + 891598 = 59*k + 322398. List the prime factors of k.
2, 1423
What are the prime factors of (2*35/(-70))/(2/(1 - 42847))?
3, 37, 193
Suppose -u + 4*g + 1 = 0, g - 3 = -3*u + 4*g. Suppose 5 = 3*r - u. Suppose -56 = -9*b + r*b. List the prime factors of b.
2
Let a(v) = 26*v - 12. Let l be a(-4). Let q = 196 + l. Suppose q = 8*o - 312. List the prime factors of o.
7
Suppose 5*d = -796 + 3991. List the prime factors of d.
3, 71
Let j(s) = 2 - 16*s + 10 - 16*s + 33*s. Let o be j(-9). Suppose -o*p = -94 - 254. List the prime factors of p.
2, 29
Let q = 57372 - -21621. List the prime factors of q.
3, 67, 131
Let m(x) be the second derivative of 19*x**4/12 - 7*x**3/6 - 19*x**2/2 + 3*x. What are the prime factors of m(-4)?
313
Suppose -5189*h + 788760 = -5165*h. What are the prime factors of h?
3, 5, 7, 313
Suppose 17*q + 23*q + 3*q = 2794914. What are the prime factors of q?
2, 3, 23, 157
Let z be (8/(-28) - 9/(-7))*5922. Suppose u = -13*u + z. List the prime factors of u.
3, 47
Let s(k) = 66*k - 59. Let y(p) = -p**2 - 9*p - 2. Let l be y(-8). What are the prime factors of s(l)?
337
List the prime factors of (5 + -4 + 0)*8627.
8627
Let a = -90 + 96. Suppose -2102 = -a*f - 356. Let k = f + -196. What are the prime factors of k?
5, 19
Suppose 49*i - 42692 - 361278 = 195790. List the prime factors of i.
2, 3, 5, 17
What are the prime factors of -8*(34716/16)/(-33)?
2, 263
Suppose -5*p + 3*j = -197093, -2*p = -38*j + 42*j - 78858. What are the prime factors of p?
79, 499
Let h(y) = -y**3 - 7*y**2 + 4*y - 8. Let t be h(-7). Let s = t + 37. Suppose 0 = 2*d - s - 3, -2*q - d + 150 = 0. List the prime factors of q.
2, 37
Let i be (-48)/9*-3*(-2 + 18). Let c = i - 174. List the prime factors of c.
2, 41
Let c be -12*((-1)/(-3) - (-8)/(-12)). Suppose -c*t - m - 140 = -567, 4*m = 2*t - 200. What are the prime factors of t?
2, 53
Suppose -7*j - 6*j - 8294 = 0. Let r = j + 957. List the prime factors of r.
11, 29
Let r(k) = -467*k - 26. What are the prime factors of r(-21)?
9781
Let o(d) = d**3 - 4*d - 52. Let j be o(0). Let h = j - -57. What are the prime factors of 1 + 741/3 - h?
3
Suppose 37*d - 355 = -22. Suppose -4*b + 3198 = 3*w, 10*b - d*b = 2*w + 794. List the prime factors of b.
2, 3, 7, 19
Let b(r) = 18*r**2. Let i be b(-1). Suppose i*g = 26*g - 40. What are the prime factors of g?
5
Let c(t) = t**3 - 51*t**2 - 83*t + 1205. What are the prime factors of c(55)?
2, 5, 19, 23
Suppose -23*d = 63*d - 107156. List the prime factors of d.
2, 7, 89
Let h(d) = d**3 - 3*d**2 + 12*d - 4. Let t(j) = j**2 - 1. Let s(l) = -h(l) + 6*t(l). Let f be s(10). What are the prime factors of 2*f/(-8) - 1/(-2)?
2, 7
Suppose 2*w + 6 = -5*z, -2*w + 12 = w - 3*z. Let n be (-82)/(-41) - -1*w/2. What are the prime factors of n/3 - 39*(-40)/12?
131
Suppose -24734 = -2*r - m, 5*r - 8*m = 4*r + 12384. List the prime factors of r.
2, 773
Suppose -r = -3*d - 45, -5*r - 2*d + 293 = -0*r. Suppose -10 = r*j - 58*j. What are the prime factors of j/(-35) - 11/(77/(-30))?
2
Let k = -76979 - -109695. List the prime factors of k.
2, 8179
Let w = 37546 - 15176. What are the prime factors of w?
2, 5, 2237
Let t = 101051 - 49348. List the prime factors of t.
149, 347
Let m(w) = 4*w**2 + 7*w - 41. Let i be m(3). Suppose -i*v = -801 - 6895. What are the prime factors of v?
13, 37
Let t(q) = 118*q**2 + q + 4326. List the prime factors of t(0).
2, 3, 7, 103
What are the prime factors of (331/(-4))/(-1*(-11)/(-5 - 831))?
19, 331
List the prime factors of (-3)/2 - (-18 - 257490/20).
3, 4297
Let p = -35 - -55. Let n(v) = -27 - 24 + p + 5*v + 14*v. List the prime factors of n(6).
83
Suppose -191*q = -120*q - 534559. List the prime factors of q.
7529
Suppose -6*g - 1248 = -4*g. What are the prime factors of g/(-260)*620/3?
2, 31
Let v = 805 + 436. Let f = v + -636. List the prime factors of f.
5, 11
Let r(m) = -32*m + 621. What are the prime factors of r(-40)?
1901
Let r = -5984 + 16391. List the prime factors of r.
3, 3469
Suppose 0 = 2*l + 2*y - 24 + 4, -5*y + 26 = 2*l. Let m(h) = -h + 13. Let i be m(0). Let j = l + i. List the prime factors of j.
3, 7
Let i be (39/6)/((-4)/(-240)*5). Suppose 0 = i*m - 72*m - 1248. What are the prime factors of m?
2, 13
Let a(s) = 1955*s**2 + 200*s - 774. What are the prime factors of a(4)?
2, 11, 1423
Suppose 10492 = 3*a - 3*o - 4421, -5*a + o = -24835. What are the prime factors of a?
2, 13, 191
Suppose 0 = -66*j + 169*j - 547445. What are the prime factors of j?
5, 1063
Let r(g) = -206*g + 3226. What are the prime factors of r(0)?
2, 1613
Suppose -5878*x + 18600 = -5873*x. List the prime factors of x.
2, 3, 5, 31
Suppose 